0?
2, 3, 5, 2029, 68491
What are the prime factors of 1763513083?
30029, 58727
List the prime factors of 3710982031.
61, 60835771
What are the prime factors of 84568810?
2, 5, 19, 71, 6269
List the prime factors of 57491488.
2, 37, 59, 823
What are the prime factors of 2536417312?
2, 11, 13, 19, 29173
List the prime factors of 1196872060.
2, 5, 4603, 13001
What are the prime factors of 2619160763?
2619160763
What are the prime factors of 862887850?
2, 5, 11, 19, 71, 1163
What are the prime factors of 152117608?
2, 449, 42349
What are the prime factors of 72390744?
2, 3, 1005427
List the prime factors of 106988151.
3, 35662717
List the prime factors of 202561966.
2, 23, 883, 4987
What are the prime factors of 36835926?
2, 3, 23, 266927
List the prime factors of 1113372614.
2, 1451, 383657
What are the prime factors of 45134329?
19, 2375491
List the prime factors of 1977451706.
2, 317, 3119009
What are the prime factors of 8536098887?
67, 127404461
List the prime factors of 4383895386.
2, 3, 13, 56203787
What are the prime factors of 975403520?
2, 5, 7, 13, 53, 79
List the prime factors of 48268459.
48268459
List the prime factors of 3208327319.
20407, 157217
List the prime factors of 29476299.
3, 1493, 6581
List the prime factors of 173842652.
2, 179, 242797
What are the prime factors of 23839616?
2, 186247
List the prime factors of 328560180.
2, 3, 5, 13, 157, 2683
What are the prime factors of 1994508739?
5507, 362177
What are the prime factors of 57710070?
2, 3, 5, 11, 17, 127
What are the prime factors of 49662726?
2, 3, 41, 201881
What are the prime factors of 159222885?
3, 5, 41, 199, 1301
List the prime factors of 55192598.
2, 383, 72053
What are the prime factors of 182147425?
5, 7285897
List the prime factors of 4092165428.
2, 13, 23, 1097, 3119
What are the prime factors of 48534991?
23, 2110217
List the prime factors of 506679888.
2, 3, 11, 13, 97, 761
List the prime factors of 3677680244.
2, 7, 17, 241, 32059
What are the prime factors of 55933115?
5, 7, 1598089
List the prime factors of 740402832.
2, 3, 13, 431, 2753
List the prime factors of 770488459.
13, 59268343
List the prime factors of 269205281.
19, 251, 2971
List the prime factors of 1076658868.
2, 269164717
List the prime factors of 685541430.
2, 3, 5, 7, 1088161
List the prime factors of 44559375.
3, 5, 7, 97
What are the prime factors of 2030698522?
2, 193, 503, 10459
List the prime factors of 1038256962.
2, 3, 53, 61603
What are the prime factors of 664720714?
2, 7, 47480051
What are the prime factors of 50554859?
29, 1743271
List the prime factors of 11234543.
71, 158233
What are the prime factors of 187321952?
2, 127, 46093
List the prime factors of 50894288.
2, 3180893
What are the prime factors of 915405989?
915405989
What are the prime factors of 5570809808?
2, 348175613
List the prime factors of 4059175080.
2, 3, 5, 71, 476429
What are the prime factors of 28177748?
2, 787, 8951
List the prime factors of 41710054.
2, 19, 1097633
What are the prime factors of 5663959934?
2, 2831979967
What are the prime factors of 1893264094?
2, 4229, 223843
What are the prime factors of 84848486?
2, 42424243
What are the prime factors of 1705343785?
5, 15331, 22247
What are the prime factors of 86312184?
2, 3, 7, 31, 16573
List the prime factors of 255433317.
3, 6133, 13883
What are the prime factors of 228387681?
3, 313289
List the prime factors of 53291453.
53291453
List the prime factors of 664956031.
664956031
List the prime factors of 7866864.
2, 3, 54631
List the prime factors of 3183601523.
11423, 278701
List the prime factors of 111671670.
2, 3, 5, 11, 23, 14713
What are the prime factors of 2901134049?
3, 11, 23, 3822311
What are the prime factors of 272995083?
3, 31, 326159
What are the prime factors of 4019399653?
601, 6687853
What are the prime factors of 1036209242?
2, 518104621
What are the prime factors of 2040413073?
3, 680137691
What are the prime factors of 2881669110?
2, 3, 5, 103, 932579
List the prime factors of 157205343.
3, 6421, 8161
List the prime factors of 5071009105.
5, 137, 7402933
List the prime factors of 369359203.
31, 11914813
What are the prime factors of 100897476?
2, 3, 1901, 4423
List the prime factors of 135153632.
2, 4223551
List the prime factors of 151706963.
17, 19, 31, 109, 139
List the prime factors of 157569286.
2, 7, 43, 47, 5569
List the prime factors of 1207052721.
3, 7, 2737081
What are the prime factors of 66432225?
3, 5, 31, 28573
List the prime factors of 210333558.
2, 3, 281, 124753
List the prime factors of 256784291.
139, 1847369
What are the prime factors of 151017000?
2, 3, 5, 71, 709
List the prime factors of 6768605973.
3, 139, 16231669
What are the prime factors of 699893830?
2, 5, 29, 2413427
What are the prime factors of 3343245224?
2, 11, 23, 1651801
What are the prime factors of 835249567?
3079, 271273
What are the prime factors of 55533619?
4003, 13873
What are the prime factors of 92670343?
92670343
List the prime factors of 671864145.
3, 5, 139, 322237
What are the prime factors of 87296691?
3, 29098897
What are the prime factors of 252417652?
2, 3461, 18233
List the prime factors of 91201134.
2, 3, 15200189
What are the prime factors of 2177200555?
5, 457, 952823
List the prime factors of 4155555038.
2, 17, 23, 5314009
List the prime factors of 242158923.
3, 811, 11059
What are the prime factors of 2296513982?
2, 7, 23, 7132031
What are the prime factors of 314174157?
3, 11, 9520429
List the prime factors of 49485605.
5, 13, 73, 10429
What are the prime factors of 25269665?
5, 5053933
What are the prime factors of 1690950694?
2, 89, 227, 41849
What are the prime factors of 46319709?
3, 41, 376583
List the prime factors of 703150883.
703150883
List the prime factors of 326569992.
2, 3, 7, 37, 107, 491
List the prime factors of 674765247.
3, 13, 17301673
List the prime factors of 1627857001.
1627857001
List the prime factors of 2376068935.
5, 23, 31, 101, 6599
List the prime factors of 828417.
3, 461, 599
List the prime factors of 187241452.
2, 61, 113, 6791
List the prime factors of 116513075.
5, 7, 665789
List the prime factors of 29838044.
2, 43, 47, 3691
List the prime factors of 3090115596.
2, 3, 23, 11196071
What are the prime factors of 30647888?
2, 233, 8221
What are the prime factors of 1667769648?
2, 3, 199, 174599
List the prime factors of 3910430.
2, 5, 383, 1021
What are the prime factors of 63751991?
107, 137, 4349
What are the prime factors of 152525359?
7, 37, 211, 2791
List the prime factors of 2542800354.
2, 3, 113, 3750443
List the prime factors of 7407086.
2, 83, 44621
What are the prime factors of 4564105560?
2, 3, 5, 7, 487, 3719
List the prime factors of 184783104.
2, 3, 11, 23, 317
List the prime factors of 81617041.
11, 23, 29327
List the prime factors of 10585445.
5, 13, 162853
What are the prime factors of 462725928?
2, 3, 7, 109, 8423
What are the prime factors of 267674032?
2, 59, 283553
What are the prime factors of 3725371104?
2, 3, 7, 13, 32803
List the prime factors of 2960243143.
11, 13, 20701001
What are the prime factors of 29337707?
7, 37, 227, 499
What are the prime factors of 284759664?
2, 3, 7, 847499
What are the prime factors of 306870184?
2, 67, 572519
What are the prime factors of 2673795?
3, 5, 397, 449
What are the prime factors of 162002845?
5, 29, 499, 2239
List the prime factors of 4697491.
17, 276323
What are the prime factors of 275950454?
2, 13, 10613479
What are the prime factors of 937431844?
2, 29, 1627, 4967
List the prime factors of 112192055.
5, 19, 47, 25127
What are the prime factors of 58634521?
11, 23, 47, 4931
What are the prime factors of 8871023?
7, 461, 2749
What are the prime factors of 11667778?
2, 5833889
What are the prime factors of 477041708?
2, 11, 13, 64153
List the prime factors of 171020236.
2, 4993, 8563
List the prime factors of 50313111.
3, 16771037
List the prime factors of 678068158.
2, 103, 3291593
What are the prime factors of 746707500?
2, 3, 5, 7, 11, 431
List the prime factors of 1444271146.
2, 109, 827, 8011
What are the prime factors of 586167984?
2, 3, 197, 20663
What are the prime factors of 634168303?
2153, 294551
What are the prime factors of 69970654?
2, 13, 19, 139, 1019
List the prime factors of 46779487.
46779487
Wha